{"id":721,"date":"2020-07-28T12:24:20","date_gmt":"2020-07-28T10:24:20","guid":{"rendered":"http:\/\/www.axes.intralia\/1\/?page_id=721"},"modified":"2020-11-02T08:22:09","modified_gmt":"2020-11-02T07:22:09","slug":"postepowanie-ze-zuzytym-sprzetem","status":"publish","type":"page","link":"https:\/\/www.axes.com.pl\/?page_id=721","title":{"rendered":"Post\u0119powanie ze zu\u017cytym sprz\u0119tem"},"content":{"rendered":"\t\t<div data-elementor-type=\"wp-page\" data-elementor-id=\"721\" class=\"elementor elementor-721\" data-elementor-settings=\"[]\">\n\t\t\t\t\t\t<div class=\"elementor-inner\">\n\t\t\t\t\t\t\t<div class=\"elementor-section-wrap\">\n\t\t\t\t\t\t\t<section class=\"elementor-section elementor-top-section elementor-element elementor-element-c262fbc elementor-section-stretched elementor-section-full_width elementor-section-height-default elementor-section-height-default\" data-id=\"c262fbc\" data-element_type=\"section\" data-settings=\"{&quot;stretch_section&quot;:&quot;section-stretched&quot;,&quot;ekit_has_onepagescroll_dot&quot;:&quot;yes&quot;}\">\n\t\t\t\t\t\t<div class=\"elementor-container elementor-column-gap-default\">\n\t\t\t\t\t\t\t<div class=\"elementor-row\">\n\t\t\t\t\t<div class=\"elementor-column elementor-col-100 elementor-top-column elementor-element elementor-element-a548307\" data-id=\"a548307\" data-element_type=\"column\">\n\t\t\t<div class=\"elementor-column-wrap elementor-element-populated\">\n\t\t\t\t\t\t\t<div class=\"elementor-widget-wrap\">\n\t\t\t\t\t\t<div class=\"elementor-element elementor-element-e8809e8 elementor-widget__width-inherit animated-fast elementor-hidden-phone elementor-invisible elementor-widget elementor-widget-ucaddon_simple_slider\" data-id=\"e8809e8\" data-element_type=\"widget\" data-settings=\"{&quot;_animation&quot;:&quot;fadeIn&quot;}\" data-widget_type=\"ucaddon_simple_slider.default\">\n\t\t\t\t<div class=\"elementor-widget-container\">\n\t\t\t<!-- start Simple Slider -->\n\t\t<link id='uc_cdn_jsdelivr_net_jquery_slick_1_6_0_slick_css-css' href='https:\/\/cdn.jsdelivr.net\/jquery.slick\/1.6.0\/slick.css' type='text\/css' rel='stylesheet' >\n\t\t<link id='uc_cdnjs_cloudflare_com_ajax_libs_animate_css_3_5_2_animate_min_css-css' href='https:\/\/cdnjs.cloudflare.com\/ajax\/libs\/animate.css\/3.5.2\/animate.min.css' type='text\/css' rel='stylesheet' >\n\n\t\t\t<style type=\"text\/css\">\/* widget: Simple Slider *\/\n\n.slider,\n  .slide {\n    height: 800px;\n  }\n\n\n\n.slide {\n  position: relative;\n}\n\n.slide .slide__img {\n  width: 100%;\n  height: auto;\n  overflow: hidden;\n}\n\n@media (min-width: 992px) {\n  .slide .slide__img {\n    position: absolute;\n    top: 50%;\n    left: 0;\n    -webkit-transform: translateY(-50%);\n            transform: translateY(-50%);\n  }\n  .slide .slide__content {\n  position: absolute;\n  top: 50%;\n  left: 50%;\n  -webkit-transform: translate(-50%, -50%);\n          transform: translate(-50%, -50%);\n}\n}\n.slide .slide__img img {\n  max-width: 100%;\n  height: auto;\n  opacity: 1 !important;\n  -webkit-animation-duration: 4s;\n          animation-duration: 4s;\n  transition: all 1s ease;\n}\n.slide .slide__content {\n  position: absolute;\n  top: 50%;\n  left: 50%;\n  -webkit-transform: translate(-50%, -50%);\n          transform: translate(-50%, -50%);\n}\n.slide .slide__content--headings {\n  \/* text-align: center; *\/\n  margin: auto;\n  padding-left: 20px;\n  width: 100%;\n  max-width: 1140px;\n  color: #FFF;\n}\n\n.slide .slide__content--headings.light{\n  color: #0079CD; \n}\n.slide .slide__content--headings h2{\n  width: 50%;\n  max-width: 570px;\n}\n\n@media (max-width: 781px) {\n  .slide .slide__content--headings h2{\n    line-height: 0.8em;\n    width: 75%;\n  }\n}\n.slide .slide__content--headings p{\n  width: 50%;\n  width: 75%;\n  max-width: 570px;\n}\n\n.slide .slide__content--headings.light .uc_style_simple_slider_elementor_uc_items_attribute_subtitle{\n  color: #2E2D2C !important; \n}\n\n.slide .slide__content--headings h2 {\n  font-size: 4.5rem;\n  margin: 10px 0;\n}\n.slide .slide__content--headings .animated {\n  transition: all 0.5s ease;\n}\n\n.slide .slide__content--headings i{\n  text-align: right;\n  width: 50%;\n  font-size: 3rem;\n}\n\n.slider [data-animation-in] {\n  opacity: 0;\n  -webkit-animation-duration: 0.4s;\n          animation-duration: 0.4s;\n  transition: opacity 0.8s ease 0.4s;\n}\n.slick-dotted .slick-slider {\n  margin-bottom: 30px;\n}\n.slick-dots {\n  position: absolute;\n  bottom: 25px;\n  list-style: none;\n  display: block;\n  text-align: center;\n  padding: 0;\n  margin: 0;\n  width: 100%;\n}\n.slick-dots li {\n  position: relative;\n  display: inline-block;\n  margin: 0 15px;\n  padding: 0;\n  cursor: pointer;\n}\n.slick-dots li button {\n  border: 0;\n  display: block;\n  outline: none;\n  line-height: 0px;\n  font-size: 0px;\n  color: transparent;\n  padding: 5px;\n  cursor: pointer;\n  transition: all 0.01s ease;\n}\n.slick-dots li button:hover,\n.slick-dots li button:focus {\n  outline: none;\n}\n.simple-dots .slick-dots li {\n  width: 20px;\n  height: 20px;\n}\n.simple-dots .slick-dots li button {\n  border-radius: 50%;\n  background-color: white;\n  opacity: 0.25;\n  width: 20px;\n  height: 20px;\n}\n.simple-dots .slick-dots li button:hover,\n.simple-dots .slick-dots li button:focus {\n  opacity: 1;\n}\n.simple-dots .slick-dots li.slick-active button {\n  color: white;\n  opacity: 0.75;\n}\n.stick-dots .slick-dots li {\n  height: 3px;\n  width: 50px;\n}\n.stick-dots .slick-dots li button {\n  position: relative;\n  background-color: white;\n  width: 25px;\n  height: 25px;\n  border-radius: 20px;\n  border: 3px solid #0079CD;\n  padding: 0;\n}\n.stick-dots .slick-dots li button:hover,\n.stick-dots .slick-dots li button:focus {\n  opacity: 1;\n  background-color: #0079CD;\n  border-color: white;\n}\n.stick-dots .slick-dots li button:before{\n\topacity: 0;\n}\n.stick-dots .slick-dots li.slick-active button {\n  background-color: #0079CD;\n  border-color: white;\n}\n.stick-dots .slick-dots li.slick-active button:hover,\n.stick-dots .slick-dots li.slick-active button:focus {\n  opacity: 1;\n}\n\/* \/\/\/\/\/\/\/\/\/\/\/ IMAGE ZOOM \/\/\/\/\/\/\/\/\/\/\/ *\/\n@-webkit-keyframes zoomInImage {\n  from {\n    -webkit-transform: scale3d(1, 1, 1);\n            transform: scale3d(1, 1, 1);\n  }\n  to {\n    -webkit-transform: scale3d(1.1, 1.1, 1.1);\n            transform: scale3d(1.1, 1.1, 1.1);\n  }\n}\n@keyframes zoomInImage {\n  from {\n    -webkit-transform: scale3d(1, 1, 1);\n            transform: scale3d(1, 1, 1);\n  }\n  to {\n    -webkit-transform: scale3d(1.1, 1.1, 1.1);\n            transform: scale3d(1.1, 1.1, 1.1);\n  }\n}\n.zoomInImage {\n  -webkit-animation-name: zoomInImage;\n          animation-name: zoomInImage;\n}\n@-webkit-keyframes zoomOutImage {\n  from {\n    -webkit-transform: scale3d(1.1, 1.1, 1.1);\n            transform: scale3d(1.1, 1.1, 1.1);\n  }\n  to {\n    -webkit-transform: scale3d(1, 1, 1);\n            transform: scale3d(1, 1, 1);\n  }\n}\n@keyframes zoomOutImage {\n  from {\n    -webkit-transform: scale3d(1.1, 1.1, 1.1);\n            transform: scale3d(1.1, 1.1, 1.1);\n  }\n  to {\n    -webkit-transform: scale3d(1, 1, 1);\n            transform: scale3d(1, 1, 1);\n  }\n}\n.zoomOutImage {\n  -webkit-animation-name: zoomOutImage;\n          animation-name: zoomOutImage;\n}\n\n\n\n\n@media (max-width: 781px) {\n .slider,\n  .slide {\n    height: 500px;\n  }\n}\n\n@media (max-width: 421px) {\n .slider,\n  .slide {\n    height: 500px;\n  }\n}\n\n<\/style>\n\n\t\t\t<div class=\"slider stick-dots\" style=\"direction:ltr;\">\n     <a style=\"height:800px\" href=\"\">\n\n  <div class=\"slide\" style=\"background-image:url(https:\/\/www.axes.com.pl\/wp-content\/uploads\/2020\/10\/Recycle-scaled.jpg);background-size:cover;background-position:center center;\">\n\n        <div class=\"slide__content\" style=\"position:relative; z-index:100;\">\n          \n          <div class=\"slide__content--headings light full\" style=\"direction:ltr;\">\n            \n             <h2 class=\"\"><span  class=\"uc_style_simple_slider_elementor_uc_items_attribute_title\" style=\"color:#FFFFFF;\">Post\u0119powanie ze zu\u017cytym sprz\u0119tem<\/span><\/h2>\n             <p class=\"\"><span  class=\"uc_style_simple_slider_elementor_uc_items_attribute_subtitle\" style=\"color:#FFFFFF;color: #ffffff !important;\">Firma Axes System Sp. z o.o. prowadzi dzia\u0142alno\u015b\u0107 bez szkody dla \u015brodowiska i\u00a0za priorytet uznaje przestrzeganie zasad prawid\u0142owego post\u0119powania ze\u00a0zu\u017cytym sprz\u0119tem elektrycznym i\u00a0elektronicznym.<\/span><\/p>\n             <i class=\"\"><\/i>\n           \n          <\/div>\n        <\/div>\n  <\/div>\n<div class=\"bacgroundSlide\"  >\n<\/div>\n<\/a>\n\n<\/div>\n\t\t\t<!-- end Simple Slider -->\t\t<\/div>\n\t\t\t\t<\/div>\n\t\t\t\t<div class=\"elementor-element elementor-element-27985cd elementor-widget-divider--view-line elementor-widget elementor-widget-divider\" data-id=\"27985cd\" data-element_type=\"widget\" data-widget_type=\"divider.default\">\n\t\t\t\t<div class=\"elementor-widget-container\">\n\t\t\t\t\t<div class=\"elementor-divider\">\n\t\t\t<span class=\"elementor-divider-separator\">\n\t\t\t\t\t\t<\/span>\n\t\t<\/div>\n\t\t\t\t<\/div>\n\t\t\t\t<\/div>\n\t\t\t\t\t\t<\/div>\n\t\t\t\t\t<\/div>\n\t\t<\/div>\n\t\t\t\t\t\t\t\t<\/div>\n\t\t\t\t\t<\/div>\n\t\t<\/section>\n\t\t\t\t<section class=\"elementor-section elementor-top-section elementor-element elementor-element-61214065 elementor-section-boxed elementor-section-height-default elementor-section-height-default\" data-id=\"61214065\" data-element_type=\"section\" data-settings=\"{&quot;ekit_has_onepagescroll_dot&quot;:&quot;yes&quot;}\">\n\t\t\t\t\t\t<div class=\"elementor-container elementor-column-gap-default\">\n\t\t\t\t\t\t\t<div class=\"elementor-row\">\n\t\t\t\t\t<div class=\"elementor-column elementor-col-100 elementor-top-column elementor-element elementor-element-4191fb83\" data-id=\"4191fb83\" data-element_type=\"column\">\n\t\t\t<div class=\"elementor-column-wrap elementor-element-populated\">\n\t\t\t\t\t\t\t<div class=\"elementor-widget-wrap\">\n\t\t\t\t\t\t<div class=\"elementor-element elementor-element-2be5fb6e elementor-widget elementor-widget-text-editor\" data-id=\"2be5fb6e\" data-element_type=\"widget\" data-widget_type=\"text-editor.default\">\n\t\t\t\t<div class=\"elementor-widget-container\">\n\t\t\t\t\t<div class=\"elementor-text-editor elementor-clearfix\"><div class=\"cli_pg_page_contaner\"><h3>Post\u0119powanie ze zu\u017cytym sprz\u0119tem<\/h3><div>Firma Axes System Sp. z o.o. prowadzi dzia\u0142alno\u015b\u0107 bez szkody dla \u015brodowiska i\u00a0za priorytet uznaje przestrzeganie zasad prawid\u0142owego post\u0119powania ze zu\u017cytym sprz\u0119tem elektrycznym i\u00a0elektronicznym. Zarejestrowali\u015bmy si\u0119 w\u00a0rejestrze przedsi\u0119biorstw prowadzonym przez Generalny Inspektorat Ochrony \u015arodowiska jako Wprowadzaj\u0105cy sprz\u0119t i\u00a0podj\u0119li\u015bmy wsp\u00f3\u0142prac\u0119 z\u00a0ELECTRO-SYSTEM Organizacj\u0105 Odzysku Sprz\u0119tu Elektrycznego i\u00a0Elektronicznego S.A.<\/div><\/div><\/div>\n\t\t\t\t<\/div>\n\t\t\t\t<\/div>\n\t\t\t\t<div class=\"elementor-element elementor-element-d37d9df elementor-widget elementor-widget-spacer\" data-id=\"d37d9df\" data-element_type=\"widget\" data-widget_type=\"spacer.default\">\n\t\t\t\t<div class=\"elementor-widget-container\">\n\t\t\t\t\t<div class=\"elementor-spacer\">\n\t\t\t<div class=\"elementor-spacer-inner\"><\/div>\n\t\t<\/div>\n\t\t\t\t<\/div>\n\t\t\t\t<\/div>\n\t\t\t\t<div class=\"elementor-element elementor-element-303395f elementor-widget elementor-widget-text-editor\" data-id=\"303395f\" data-element_type=\"widget\" data-widget_type=\"text-editor.default\">\n\t\t\t\t<div class=\"elementor-widget-container\">\n\t\t\t\t\t<div class=\"elementor-text-editor elementor-clearfix\"><div class=\"cli_pg_page_contaner\"><b>Pami\u0119taj! Nie wyrzucaj zu\u017cytego sprz\u0119tu \u0142\u0105cznie z&nbsp;innymi odpadami, gro\u017c\u0105 Ci za to wysokie kary pieni\u0119\u017cne.<\/b><\/div>\n<div>\n<ul>\n<li><b>Zostaw stary sprz\u0119t u&nbsp;dystrybutora, u&nbsp;kt\u00f3rego kupujesz nowe urz\u0105dzenie.<\/b><br>Ka\u017cdy dystrybutor ma obowi\u0105zek nieodp\u0142atnego przyj\u0119cia starego sprz\u0119tu, je\u015bli kupimy od niego nowy sprz\u0119t tego samego typu i&nbsp;w&nbsp;tej samej ilo\u015bci. Warunkiem jest dostarczenie sprz\u0119tu do&nbsp;dystrybutora na&nbsp;sw\u00f3j koszt.<\/li>\n<li><b>Zostaw stary sprz\u0119t w&nbsp;oddziale producenta.<\/b><br>Producent zobowi\u0105zuje si\u0119 do&nbsp;nieodp\u0142atnego przyj\u0119cia starego sprz\u0119tu je\u015bli kupimy od niego nowy sprz\u0119t tego samego typu i&nbsp;w&nbsp;tej samej ilo\u015bci. Warunkiem jest dostarczenie sprz\u0119tu do producenta na sw\u00f3j koszt. Sprz\u0119t mo\u017cna dostarczy\u0107 osobi\u015bcie lub mo\u017cna skontaktowa\u0107 si\u0119 z naszym biurem pod numerem <a href=\"tel:+48583476326\">+48 58 347 63 26<\/a> w&nbsp;celu um\u00f3wienia kuriera.<\/li>\n<li><b>Odnie\u015b zu\u017cyty sprz\u0119t do&nbsp;punktu zbierania.<\/b>&nbsp;Informacj\u0119 o&nbsp;najbli\u017cej lokalizacji mo\u017cna znale\u017a\u0107 na gminnej stronie internetowej lub tablicy og\u0142osze\u0144 urz\u0119du gminy, a&nbsp;tak\u017ce na&nbsp;<a href=\"https:\/\/www.remondis-locations.com\/?country=16\">www.remondis-electro.pl<\/a>.<\/li>\n<li><b>Zostaw sprz\u0119t w&nbsp;punkcie serwisowym.<\/b>&nbsp;Je\u017celi naprawa sprz\u0119tu jest nieop\u0142acalna lub niemo\u017cliwa ze wzgl\u0119d\u00f3w technicznych, serwis jest zobowi\u0105zany do nieodp\u0142atnego przyj\u0119cia tego urz\u0105dzenia.<\/li>\n<li><b>Oddaj zu\u017cyty sprz\u0119t nie ruszaj\u0105c si\u0119 z&nbsp;domu.<\/b>&nbsp;Je\u015bli nie masz czasu lub mo\u017cliwo\u015bci przewiezienia swojego sprz\u0119tu do punktu zbi\u00f3rki, mo\u017cesz skorzysta\u0107 z&nbsp;us\u0142ug specjalistycznych firm.<\/li>\n<\/ul>\n<\/div><\/div>\n\t\t\t\t<\/div>\n\t\t\t\t<\/div>\n\t\t\t\t<div class=\"elementor-element elementor-element-3020e45 elementor-widget elementor-widget-text-editor\" data-id=\"3020e45\" data-element_type=\"widget\" data-widget_type=\"text-editor.default\">\n\t\t\t\t<div class=\"elementor-widget-container\">\n\t\t\t\t\t<div class=\"elementor-text-editor elementor-clearfix\"><p><img class=\"alignleft\" src=\"https:\/\/www.cdif3.com\/assets\/image\/icons\/bin.png\" alt=\"\" \/>Symbol przekre\u015blonego kosza na\u00a0\u015bmieci na\u00a0produkcie, jego opakowaniu lub instrukcji oznacza, \u017ce\u00a0produktu nie wolno wyrzuca\u0107 do\u00a0zwyk\u0142ych pojemnik\u00f3w na\u00a0odpady. Obowi\u0105zkiem u\u017cytkownika jest przekazanie zu\u017cytego sprz\u0119tu do\u00a0wyznaczonego punktu zbi\u00f3rki w\u00a0celu w\u0142a\u015bciwego jego przetworzenia.<\/p><\/div>\n\t\t\t\t<\/div>\n\t\t\t\t<\/div>\n\t\t\t\t\t\t<\/div>\n\t\t\t\t\t<\/div>\n\t\t<\/div>\n\t\t\t\t\t\t\t\t<\/div>\n\t\t\t\t\t<\/div>\n\t\t<\/section>\n\t\t\t\t\t\t<\/div>\n\t\t\t\t\t\t<\/div>\n\t\t\t\t\t<\/div>\n\t\t","protected":false},"excerpt":{"rendered":"<p>Post\u0119powanie ze zu\u017cytym sprz\u0119tem Firma Axes System Sp. z o.o. prowadzi dzia\u0142alno\u015b\u0107 bez szkody dla \u015brodowiska i\u00a0za priorytet uznaje przestrzeganie zasad prawid\u0142owego post\u0119powania ze\u00a0zu\u017cytym sprz\u0119tem elektrycznym i\u00a0elektronicznym. Post\u0119powanie ze zu\u017cytym sprz\u0119tem Firma Axes System Sp. z o.o. prowadzi dzia\u0142alno\u015b\u0107 bez szkody dla \u015brodowiska i\u00a0za priorytet uznaje przestrzeganie zasad prawid\u0142owego post\u0119powania ze zu\u017cytym sprz\u0119tem elektrycznym i\u00a0elektronicznym. [&hellip;]<\/p>\n","protected":false},"author":39,"featured_media":0,"parent":0,"menu_order":0,"comment_status":"closed","ping_status":"closed","template":"elementor_header_footer","meta":[],"_links":{"self":[{"href":"https:\/\/www.axes.com.pl\/index.php?rest_route=\/wp\/v2\/pages\/721"}],"collection":[{"href":"https:\/\/www.axes.com.pl\/index.php?rest_route=\/wp\/v2\/pages"}],"about":[{"href":"https:\/\/www.axes.com.pl\/index.php?rest_route=\/wp\/v2\/types\/page"}],"author":[{"embeddable":true,"href":"https:\/\/www.axes.com.pl\/index.php?rest_route=\/wp\/v2\/users\/39"}],"replies":[{"embeddable":true,"href":"https:\/\/www.axes.com.pl\/index.php?rest_route=%2Fwp%2Fv2%2Fcomments&post=721"}],"version-history":[{"count":17,"href":"https:\/\/www.axes.com.pl\/index.php?rest_route=\/wp\/v2\/pages\/721\/revisions"}],"predecessor-version":[{"id":2921,"href":"https:\/\/www.axes.com.pl\/index.php?rest_route=\/wp\/v2\/pages\/721\/revisions\/2921"}],"wp:attachment":[{"href":"https:\/\/www.axes.com.pl\/index.php?rest_route=%2Fwp%2Fv2%2Fmedia&parent=721"}],"curies":[{"name":"wp","href":"https:\/\/api.w.org\/{rel}","templated":true}]}}