{"id":3823,"date":"2022-12-06T13:30:44","date_gmt":"2022-12-06T12:30:44","guid":{"rendered":"https:\/\/www.axes.com.pl\/?page_id=3823"},"modified":"2024-01-17T13:56:20","modified_gmt":"2024-01-17T12:56:20","slug":"dofinansowanie-2","status":"publish","type":"page","link":"https:\/\/www.axes.com.pl\/?page_id=3823","title":{"rendered":""},"content":{"rendered":"\t\t<div data-elementor-type=\"wp-page\" data-elementor-id=\"3823\" class=\"elementor elementor-3823\" data-elementor-settings=\"[]\">\n\t\t\t\t\t\t<div class=\"elementor-inner\">\n\t\t\t\t\t\t\t<div class=\"elementor-section-wrap\">\n\t\t\t\t\t\t\t<section class=\"elementor-section elementor-top-section elementor-element elementor-element-6af69d1 elementor-section-stretched elementor-reverse-tablet elementor-reverse-mobile elementor-section-boxed elementor-section-height-default elementor-section-height-default\" data-id=\"6af69d1\" data-element_type=\"section\" data-settings=\"{&quot;stretch_section&quot;:&quot;section-stretched&quot;,&quot;ekit_has_onepagescroll_dot&quot;:&quot;yes&quot;}\">\n\t\t\t\t\t\t<div class=\"elementor-container elementor-column-gap-default\">\n\t\t\t\t\t\t\t<div class=\"elementor-row\">\n\t\t\t\t\t<div class=\"elementor-column elementor-col-100 elementor-top-column elementor-element elementor-element-791a7d5\" data-id=\"791a7d5\" data-element_type=\"column\">\n\t\t\t<div class=\"elementor-column-wrap elementor-element-populated\">\n\t\t\t\t\t\t\t<div class=\"elementor-widget-wrap\">\n\t\t\t\t\t\t<div class=\"elementor-element elementor-element-7e1c1f4 elementor-widget elementor-widget-text-editor\" data-id=\"7e1c1f4\" data-element_type=\"widget\" data-widget_type=\"text-editor.default\">\n\t\t\t\t<div class=\"elementor-widget-container\">\n\t\t\t\t\t<div class=\"elementor-text-editor elementor-clearfix\"><h1><strong>Dofinansowanie<\/strong><\/h1><\/div>\n\t\t\t\t<\/div>\n\t\t\t\t<\/div>\n\t\t\t\t<div class=\"elementor-element elementor-element-31698f1 elementor-widget elementor-widget-text-editor\" data-id=\"31698f1\" data-element_type=\"widget\" data-widget_type=\"text-editor.default\">\n\t\t\t\t<div class=\"elementor-widget-container\">\n\t\t\t\t\t<div class=\"elementor-text-editor elementor-clearfix\"><\/div>\n\t\t\t\t<\/div>\n\t\t\t\t<\/div>\n\t\t\t\t<div class=\"elementor-element elementor-element-7e496a9 elementor-widget elementor-widget-text-editor\" data-id=\"7e496a9\" data-element_type=\"widget\" data-widget_type=\"text-editor.default\">\n\t\t\t\t<div class=\"elementor-widget-container\">\n\t\t\t\t\t<div class=\"elementor-text-editor elementor-clearfix\"><p style=\"margin-bottom: 0cm; line-height: 100%;\"><span style=\"font-weight: normal;\">Dofinansowanie mo\u017cna uzyska\u0107 <\/span><span style=\"font-weight: normal;\">w powiatowym urz\u0119dzie pracy, <\/span><span style=\"font-weight: normal;\">w\u0142a\u015bciwym dla miejsca zarejestrowanej dzia\u0142alno\u015bci<\/span><span style=\"font-weight: normal;\">. <br \/><\/span><span style=\"font-weight: normal;\">Lista powiatowych urz\u0119d\u00f3w: <a href=\"https:\/\/psz.praca.gov.pl\/wybor-urzedu\">https:\/\/psz.praca.gov.pl\/wybor-urzedu<\/a><\/span><\/p><p style=\"margin-bottom: 0cm; font-weight: normal; line-height: 100%;\">Wniosek mo\u017cna z\u0142o\u017cy\u0107 r\u00f3wnie\u017c drog\u0105 elektroniczn\u0105.<\/p><p style=\"margin-bottom: 0cm; font-weight: normal; line-height: 100%;\">Dla kogo:<\/p><p style=\"margin-bottom: 0cm; line-height: 100%;\"><span style=\"font-weight: normal;\">&#8211; Pracoda<\/span><span style=\"font-weight: normal;\">w<\/span><span style=\"font-weight: normal;\">c\u00f3w <\/span><span style=\"font-weight: normal;\">(<\/span><span style=\"font-weight: normal;\">podmiot zatrudniaj\u0105cy co najmniej jedn\u0105 osob\u0119 na podstawie umowy o prac\u0119<\/span><span style=\"font-weight: normal;\">)<\/span><span style=\"font-weight: normal;\">, <br \/>&#8211; Pracownik\u00f3w,<br \/>&#8211; Bezrobotnych.<\/span><\/p><p style=\"margin-bottom: 0cm; font-weight: normal; line-height: 100%;\">Przed z\u0142o\u017ceniem wniosku nale\u017cy dowiedzie\u0107 si\u0119 w urz\u0119dzie o nast\u0119puj\u0105ce informacje:<br \/>&#8211; Dost\u0119pno\u015b\u0107 dofinansowa\u0144 z KFS,<br \/>&#8211; Wysoko\u015b\u0107 kwoty dofinansowania, <br \/>&#8211; Formalno\u015bci niezb\u0119dne przy sk\u0142adaniu wniosku, <br \/>&#8211; Termin odbycia szkolenia, <br \/>&#8211; Termin z\u0142o\u017cenia wniosku.<\/p><p style=\"margin-bottom: 0cm; font-weight: normal; line-height: 100%;\">Do wniosku nale\u017cy za\u0142\u0105czy\u0107 ofert\u0119 wybranego szkolenia.<\/p><p style=\"margin-bottom: 0cm; font-weight: normal; line-height: 100%;\">W przypadku zaakceptowania wniosku, urz\u0105d poinformuje o decyzji elektronicznie lub telefonicznie.<\/p><p style=\"margin-bottom: 0cm; line-height: 100%;\"><span style=\"font-weight: normal;\">W celu zwi\u0119kszenia szansy na pozytywne rozpatrzenie wniosku, warto zapozna\u0107 si\u0119 z priorytetami wydatkowania KFS:<\/span><\/p><p><br \/>Na rok 2023: <a href=\"https:\/\/www.gov.pl\/attachment\/aeecfb0f-eea9-4c35-bb3e-2059aaeae6f1\">https:\/\/www.gov.pl\/attachment\/aeecfb0f-eea9-4c35-bb3e-2059aaeae6f1<\/a><\/p><\/div>\n\t\t\t\t<\/div>\n\t\t\t\t<\/div>\n\t\t\t\t<div class=\"elementor-element elementor-element-5c0a394 elementor-widget elementor-widget-elementskit-button\" data-id=\"5c0a394\" data-element_type=\"widget\" data-widget_type=\"elementskit-button.default\">\n\t\t\t\t<div class=\"elementor-widget-container\">\n\t\t\t<div class=\"ekit-wid-con\" >\t\t<div class=\"ekit-btn-wraper\">\n\t\t\t\t\t\t\t<a href=\"?page_id=3770\" rel=\"nofollow\" class=\"elementskit-btn \" >\n\t\t\t\t\t\n\t\t\t\t\t<i aria-hidden=\"true\" class=\"far fa-arrow-alt-circle-left\"><\/i>\n\t\t\t\t\tPowr\u00f3t\t\t\t\t<\/a>\n\t\t\t\t\t\t<\/div>\n        <\/div>\t\t<\/div>\n\t\t\t\t<\/div>\n\t\t\t\t<div class=\"elementor-element elementor-element-26febbc elementor-widget elementor-widget-text-editor\" data-id=\"26febbc\" data-element_type=\"widget\" data-widget_type=\"text-editor.default\">\n\t\t\t\t<div class=\"elementor-widget-container\">\n\t\t\t\t\t<div class=\"elementor-text-editor elementor-clearfix\"><\/div>\n\t\t\t\t<\/div>\n\t\t\t\t<\/div>\n\t\t\t\t\t\t<\/div>\n\t\t\t\t\t<\/div>\n\t\t<\/div>\n\t\t\t\t\t\t\t\t<\/div>\n\t\t\t\t\t<\/div>\n\t\t<\/section>\n\t\t\t\t\t\t<\/div>\n\t\t\t\t\t\t<\/div>\n\t\t\t\t\t<\/div>\n\t\t","protected":false},"excerpt":{"rendered":"<p>Dofinansowanie Dofinansowanie mo\u017cna uzyska\u0107 w powiatowym urz\u0119dzie pracy, w\u0142a\u015bciwym dla miejsca zarejestrowanej dzia\u0142alno\u015bci. Lista powiatowych urz\u0119d\u00f3w: https:\/\/psz.praca.gov.pl\/wybor-urzedu Wniosek mo\u017cna z\u0142o\u017cy\u0107 r\u00f3wnie\u017c drog\u0105 elektroniczn\u0105. Dla kogo: &#8211; Pracodawc\u00f3w (podmiot zatrudniaj\u0105cy co najmniej jedn\u0105 osob\u0119 na podstawie umowy o prac\u0119), &#8211; Pracownik\u00f3w,&#8211; Bezrobotnych. Przed z\u0142o\u017ceniem wniosku nale\u017cy dowiedzie\u0107 si\u0119 w urz\u0119dzie o nast\u0119puj\u0105ce informacje:&#8211; Dost\u0119pno\u015b\u0107 dofinansowa\u0144 z [&hellip;]<\/p>\n","protected":false},"author":3,"featured_media":0,"parent":0,"menu_order":0,"comment_status":"closed","ping_status":"closed","template":"","meta":[],"_links":{"self":[{"href":"https:\/\/www.axes.com.pl\/index.php?rest_route=\/wp\/v2\/pages\/3823"}],"collection":[{"href":"https:\/\/www.axes.com.pl\/index.php?rest_route=\/wp\/v2\/pages"}],"about":[{"href":"https:\/\/www.axes.com.pl\/index.php?rest_route=\/wp\/v2\/types\/page"}],"author":[{"embeddable":true,"href":"https:\/\/www.axes.com.pl\/index.php?rest_route=\/wp\/v2\/users\/3"}],"replies":[{"embeddable":true,"href":"https:\/\/www.axes.com.pl\/index.php?rest_route=%2Fwp%2Fv2%2Fcomments&post=3823"}],"version-history":[{"count":26,"href":"https:\/\/www.axes.com.pl\/index.php?rest_route=\/wp\/v2\/pages\/3823\/revisions"}],"predecessor-version":[{"id":4214,"href":"https:\/\/www.axes.com.pl\/index.php?rest_route=\/wp\/v2\/pages\/3823\/revisions\/4214"}],"wp:attachment":[{"href":"https:\/\/www.axes.com.pl\/index.php?rest_route=%2Fwp%2Fv2%2Fmedia&parent=3823"}],"curies":[{"name":"wp","href":"https:\/\/api.w.org\/{rel}","templated":true}]}}